{"id":59,"date":"2013-11-21T23:47:22","date_gmt":"2013-11-21T23:47:22","guid":{"rendered":"http:\/\/escoteiroscascais.pt\/?page_id=59"},"modified":"2016-02-18T15:59:44","modified_gmt":"2016-02-18T15:59:44","slug":"tribo-de-escoteiros","status":"publish","type":"page","link":"https:\/\/escoteiroscascais.pt\/?page_id=59","title":{"rendered":"Tribo de Escoteiros"},"content":{"rendered":"<h3 style=\"text-align: left;\">Funcionamento da\u00a0Divis\u00e3o<\/h3>\n<p style=\"text-align: justify;\"><span style=\"text-align: justify; font-size: 0.95em; line-height: 1.6em;\">Fazem p<\/span><span style=\"text-align: justify; font-size: 0.95em; line-height: 1.6em;\">arte da Tribo de Esc<\/span>oteiros todos os jovens com idades compreendidas\u00a0<span style=\"font-size: 0.95em; line-height: 1.6em;\">entre os 11 e os 13 anos. Os elementos da Tribo de Escoteiros est\u00e3o divididos por g\u00e9nero, em pequenos grupos designados Patrulhas. Podem ser de 4 a 8 elementos, em que cada elemento tem um cargo espec\u00edfico que contribui para a vida de Patrulha.<\/span><\/p>\n<h3>M\u00edstica e S\u00edmbolos<img loading=\"lazy\" class=\"alignleft wp-image-1857\" src=\"http:\/\/escoteiroscascais.pt\/wp-content\/uploads\/2013\/11\/korowai_skull_sized.jpg\" alt=\"korowai_skull_sized\" width=\"245\" height=\"163\" srcset=\"https:\/\/escoteiroscascais.pt\/wp-content\/uploads\/2013\/11\/korowai_skull_sized.jpg 612w, https:\/\/escoteiroscascais.pt\/wp-content\/uploads\/2013\/11\/korowai_skull_sized-300x199.jpg 300w\" sizes=\"(max-width: 245px) 100vw, 245px\" \/><\/h3>\n<p style=\"text-align: justify;\">A Tribo de Escoteiros tem como m\u00edstica as tribos ind\u00edgenas que neste caso \u00e9 a Tribo Korowai,\u00a0Os <b>Korowai<\/b>, tamb\u00e9m chamados <b>Kolufo<\/b>, s\u00e3o um povo do sudeste do Papua (localizado na zona\u00a0ocidental da Nova Guin\u00e9) s\u00e3o Conhecidos por terem as suas casas em cima de \u00e1rvores em\u00a0territ\u00f3rios isolados.<img loading=\"lazy\" class=\"alignright wp-image-1858\" src=\"http:\/\/escoteiroscascais.pt\/wp-content\/uploads\/2013\/11\/maxresdefault.jpg\" alt=\"maxresdefault\" width=\"294\" height=\"166\" srcset=\"https:\/\/escoteiroscascais.pt\/wp-content\/uploads\/2013\/11\/maxresdefault.jpg 1920w, https:\/\/escoteiroscascais.pt\/wp-content\/uploads\/2013\/11\/maxresdefault-300x168.jpg 300w, https:\/\/escoteiroscascais.pt\/wp-content\/uploads\/2013\/11\/maxresdefault-1024x576.jpg 1024w\" sizes=\"(max-width: 294px) 100vw, 294px\" \/><\/p>\n<p style=\"text-align: justify;\">\n<p style=\"text-align: justify;\">A cor da divis\u00e3o \u00e9 o verde, as Patrulhas t\u00eam o nome de um animal cujas caracter\u00edsticas representam os elementos que a constituem, cada Patrulha tem um Totem e um grito. Estes est\u00e3o sempre presentes onde quer que a Patrulha v\u00e1, identificando a Patrulha perante outras Patrulhas e Grupos.<\/p>\n<h3 style=\"text-align: justify;\">Progresso Pessoal<\/h3>\n<p style=\"text-align: justify;\">\u00c0 semelhan\u00e7a de outras Divis\u00f5es os elementos da Tribo de Escoteiros tem um conjunto de desafios que est\u00e3o divididos em tr\u00eas etapas distintas; e v\u00e1rias especialidades que desafiam o conhecimento individual dos elementos, promovendo assim o sua capacidade de ultrapassar desafios.<\/p>\n<p><a href=\"http:\/\/escoteiroscascais.pt\/wp-content\/uploads\/2014\/04\/Maasai-1.png\"><img loading=\"lazy\" class=\"alignleft size-full wp-image-575\" src=\"http:\/\/escoteiroscascais.pt\/wp-content\/uploads\/2014\/04\/Maasai-1.png\" alt=\"Maasai 1\" width=\"1001\" height=\"501\" srcset=\"https:\/\/escoteiroscascais.pt\/wp-content\/uploads\/2014\/04\/Maasai-1.png 1001w, https:\/\/escoteiroscascais.pt\/wp-content\/uploads\/2014\/04\/Maasai-1-300x150.png 300w\" sizes=\"(max-width: 1001px) 100vw, 1001px\" \/><\/a><\/p>\n<p style=\"text-align: center;\">\u00a0<a href=\"http:\/\/escoteiroscascais.pt\/?cat=11\">Noticias <\/a>&#8211; <a href=\"http:\/\/escoteiroscascais.pt\/?page_id=205\">Avisos<\/a> &#8211; <a href=\"http:\/\/escoteiroscascais.pt\/?page_id=207\">Inter-Patrulhas<\/a> &#8211; <a href=\"http:\/\/escoteiroscascais.pt\/?page_id=183\">Plano de Actividades<\/a><\/p>\n","protected":false},"excerpt":{"rendered":"<p>Funcionamento da\u00a0Divis\u00e3o Fazem parte da Tribo de Escoteiros todos os jovens com idades compreendidas\u00a0entre os 11 e os 13 anos. Os elementos da Tribo de Escoteiros est\u00e3o divididos por g\u00e9nero, em pequenos grupos designados Patrulhas. Podem ser de 4 a 8 elementos, em que cada elemento tem um cargo espec\u00edfico que contribui para a vida de Patrulha. M\u00edstica e S\u00edmbolos<\/p>\n","protected":false},"author":1,"featured_media":0,"parent":0,"menu_order":0,"comment_status":"closed","ping_status":"closed","template":"","meta":[],"_links":{"self":[{"href":"https:\/\/escoteiroscascais.pt\/index.php?rest_route=\/wp\/v2\/pages\/59"}],"collection":[{"href":"https:\/\/escoteiroscascais.pt\/index.php?rest_route=\/wp\/v2\/pages"}],"about":[{"href":"https:\/\/escoteiroscascais.pt\/index.php?rest_route=\/wp\/v2\/types\/page"}],"author":[{"embeddable":true,"href":"https:\/\/escoteiroscascais.pt\/index.php?rest_route=\/wp\/v2\/users\/1"}],"replies":[{"embeddable":true,"href":"https:\/\/escoteiroscascais.pt\/index.php?rest_route=%2Fwp%2Fv2%2Fcomments&post=59"}],"version-history":[{"count":21,"href":"https:\/\/escoteiroscascais.pt\/index.php?rest_route=\/wp\/v2\/pages\/59\/revisions"}],"predecessor-version":[{"id":1861,"href":"https:\/\/escoteiroscascais.pt\/index.php?rest_route=\/wp\/v2\/pages\/59\/revisions\/1861"}],"wp:attachment":[{"href":"https:\/\/escoteiroscascais.pt\/index.php?rest_route=%2Fwp%2Fv2%2Fmedia&parent=59"}],"curies":[{"name":"wp","href":"https:\/\/api.w.org\/{rel}","templated":true}]}}