{"id":8,"date":"2013-11-10T23:00:10","date_gmt":"2013-11-10T23:00:10","guid":{"rendered":"http:\/\/escoteiroscascais.pt\/?page_id=8"},"modified":"2020-11-11T02:15:06","modified_gmt":"2020-11-11T02:15:06","slug":"contactos","status":"publish","type":"page","link":"https:\/\/escoteiroscascais.pt\/?page_id=8","title":{"rendered":"Contactos"},"content":{"rendered":"<div style=\"width: 50%; float: left;\">\n<h6>Morada<\/h6>\n<p>Escoteiros de Portugal &#8211; Grupo 107 de Cascais<br \/>\nPra\u00e7a Capit\u00e3o Mouzinho de Albuquerque<br \/>\nJardim Ten. \u00c1lvaro de Melo Machado<br \/>\n2750-442 Cascais<\/p>\n<h6>Telefone<\/h6>\n<p>(+351) 214864967 (S\u00e1bados das 15h \u00e0s 19h)<\/p>\n<h6>Email<\/h6>\n<p><a href=\"mailto:grupo107@escoteiros.pt\">grupo107@escoteiros.pt<\/a><\/p>\n<h6>Website<\/h6>\n<p><a href=\"http:\/\/escoteiroscascais.pt&quot;\">www.escoteiroscascais.pt<\/a><\/p>\n<h6>Hor\u00e1rio das Reuni\u00f5es<\/h6>\n<p>Todos os s\u00e1bados das 15h00 \u00e0s 18h30.<\/p>\n<\/div>\n<div style=\"width: 50%; float: left; text-align: right;\"><iframe src=\"http:\/\/a.tiles.mapbox.com\/v3\/escoteiroscascais.ggmb7bo1\/mm\/zoompan,geocoder,share.html\" width=\"100%\" height=\"500\" frameborder=\"0\"><\/iframe><br \/>\nVer <a href=\"https:\/\/a.tiles.mapbox.com\/v3\/escoteiroscascais.ggmb7bo1\/page.html?secure=1#17\/38.70900\/-9.41649\">mapa maior<\/a>.<\/div>\n<h3 style=\"clear: both;\" align=\"center\">Equipa de Chefia<\/h3>\n<table style=\"border: 0px; height: 749px;\" width=\"699\">\n<tbody>\n<tr>\n<td>\n<div style=\"float: left; padding: 10px;\"><a href=\"http:\/\/escoteiroscascais.pt\/wp-content\/uploads\/2014\/02\/Chefe-de-Grupo.png\"><img loading=\"lazy\" src=\"http:\/\/escoteiroscascais.pt\/wp-content\/uploads\/2014\/02\/Chefe-de-Grupo.png\" alt=\"Chefe-de-Grupo\" width=\"123\" height=\"87\" \/><\/a><\/div>\n<div style=\"padding: 18px;\"><b>Patr\u00edcia Madeira<\/b><br \/>\nEscoteiro Chefe de Grupo<\/div>\n<\/td>\n<td>\n<div style=\"float: left; padding: 10px;\"><a href=\"http:\/\/escoteiroscascais.pt\/wp-content\/uploads\/2013\/11\/ESCG-e1541164187967.png\"><img loading=\"lazy\" src=\"http:\/\/escoteiroscascais.pt\/wp-content\/uploads\/2013\/11\/ESCG-e1541164187967.png\" alt=\"SUB EXP\" width=\"123\" height=\"87\" \/><\/a><\/div>\n<div style=\"padding: 18px;\">Escoteiro Subchefe de Grupo<\/div>\n<\/td>\n<td>\n<div style=\"float: left; padding: 10px;\"><a href=\"http:\/\/escoteiroscascais.pt\/wp-content\/uploads\/2014\/02\/CLA.png\"><img loading=\"lazy\" src=\"http:\/\/escoteiroscascais.pt\/wp-content\/uploads\/2014\/02\/CLA.png\" alt=\"CLA\" width=\"123\" height=\"87\" \/><\/a><\/div>\n<div style=\"padding: 18px;\">\u00a0<b>Ticha<\/b><\/div>\n<div style=\"padding: 18px;\">Escoteiro Chefe de Cl\u00e3<\/div>\n<\/td>\n<td><img loading=\"lazy\" src=\"http:\/\/escoteiroscascais.pt\/wp-content\/uploads\/2014\/02\/EXP.png\" alt=\"EXP\" width=\"123\" height=\"87\" \/><b>Tiago Costa<\/b><br \/>\nEscoteiro Chefe da Tribo de Exploradores<\/td>\n<td><a href=\"http:\/\/escoteiroscascais.pt\/wp-content\/uploads\/2014\/02\/SUB-EXP.png\"><img loading=\"lazy\" class=\"alignleft  wp-image-302\" src=\"http:\/\/escoteiroscascais.pt\/wp-content\/uploads\/2014\/02\/SUB-EXP.png\" alt=\"SUB EXP\" width=\"112\" height=\"79\" \/><\/a><\/p>\n<div style=\"padding: 18px;\"><span style=\"font-family: inherit; font-size: inherit; font-weight: inherit;\"><b>Vasco Lopes<\/b><br \/>\nEscoteiro Subchefe da Tribo de Exploradoress<\/span><\/div>\n<\/td>\n<td>\n<div style=\"float: left; padding: 10px;\"><a href=\"http:\/\/escoteiroscascais.pt\/wp-content\/uploads\/2014\/02\/SUB-EXP.png\"><img loading=\"lazy\" class=\"\" src=\"http:\/\/escoteiroscascais.pt\/wp-content\/uploads\/2014\/02\/SUB-EXP.png\" alt=\"SUB EXP\" width=\"111\" height=\"78\" \/><\/a><\/div>\n<div style=\"padding: 18px;\"><b>Duarte Chendo<\/b><br \/>\nEscoteiro Subchefe da Tribo de Exploradores<\/div>\n<\/td>\n<td>\n<div style=\"float: left; padding: 10px;\"><a href=\"http:\/\/escoteiroscascais.pt\/wp-content\/uploads\/2014\/02\/ESC-CERTO.png\"><img loading=\"lazy\" src=\"http:\/\/escoteiroscascais.pt\/wp-content\/uploads\/2014\/02\/ESC-CERTOa.png\" alt=\"ESC CERTO\" width=\"123\" height=\"87\" \/><\/a><\/div>\n<div style=\"padding: 18px;\"><b>Bernardo Magalh\u00e3es<\/b><br \/>\nEscoteiro Chefe da Tribo de Escoteiros<\/div>\n<\/td>\n<td>\n<div style=\"float: left; padding: 10px;\"><a href=\"http:\/\/escoteiroscascais.pt\/wp-content\/uploads\/2014\/02\/ESC-CERTO.png\"><img loading=\"lazy\" src=\"http:\/\/escoteiroscascais.pt\/wp-content\/uploads\/2014\/02\/ESC-CERTO.png\" alt=\"ALC\" width=\"123\" height=\"87\" \/><\/a><\/div>\n<div style=\"padding: 18px;\"><b>Mariana Silva<\/b><br \/>\nEscoteiro Subchefe da Tribo de Escoteiros<\/div>\n<\/td>\n<td>\n<div style=\"float: left; padding: 10px;\"><a href=\"http:\/\/escoteiroscascais.pt\/wp-content\/uploads\/2014\/02\/ESC-CERTO.png\"><img loading=\"lazy\" src=\"http:\/\/escoteiroscascais.pt\/wp-content\/uploads\/2014\/02\/ESC-CERTO.png\" alt=\"ALC\" width=\"123\" height=\"87\" \/><\/a><\/div>\n<div style=\"padding: 18px;\"><b>Martim Gra\u00e7a<\/b><br \/>\nEscoteiro Subchefe da Tribo de Escoteiros<\/div>\n<\/td>\n<td>\n<div style=\"float: left; padding: 10px;\"><a href=\"http:\/\/escoteiroscascais.pt\/wp-content\/uploads\/2014\/02\/ESC-CERTO.png\"><img loading=\"lazy\" src=\"http:\/\/escoteiroscascais.pt\/wp-content\/uploads\/2014\/02\/ESC-CERTO.png\" alt=\"ALC\" width=\"123\" height=\"87\" \/><\/a><\/div>\n<div style=\"padding: 18px;\"><b>Jo\u00e3o Fernandes<\/b><br \/>\nEscoteiro Subchefe da Tribo de Escoteiros<\/div>\n<\/td>\n<td>\n<div style=\"float: left; padding: 10px;\"><a href=\"http:\/\/escoteiroscascais.pt\/wp-content\/uploads\/2014\/02\/ALC.png\"><img loading=\"lazy\" src=\"http:\/\/escoteiroscascais.pt\/wp-content\/uploads\/2014\/02\/ALC.png\" alt=\"\" width=\"123\" height=\"87\" \/><\/a><\/div>\n<div style=\"padding: 18px;\"><b>Nayeli Var\u00f3n<\/b><br \/>\nEscoteiro Chefe da Alcateia<\/div>\n<\/td>\n<td>\n<div style=\"float: left; padding: 10px;\"><a href=\"http:\/\/escoteiroscascais.pt\/wp-content\/uploads\/2014\/10\/SUB-ALC.png\"><img loading=\"lazy\" src=\"http:\/\/escoteiroscascais.pt\/wp-content\/uploads\/2014\/10\/SUB-ALC.png\" alt=\"SUB ALC\" width=\"123\" height=\"87\" \/><\/a><\/div>\n<div style=\"padding: 18px;\"><b>Francisco Lopes<\/b><br \/>\nEscoteiro Subchefe da Alcateia<\/div>\n<\/td>\n<td>\n<div style=\"float: left; padding: 10px;\"><a href=\"http:\/\/escoteiroscascais.pt\/wp-content\/uploads\/2014\/10\/SUB-ALC.png\"><img loading=\"lazy\" src=\"http:\/\/escoteiroscascais.pt\/wp-content\/uploads\/2014\/10\/SUB-ALC.png\" alt=\"SUB ALC\" width=\"123\" height=\"87\" \/><\/a><\/div>\n<div style=\"padding: 18px;\"><b>Vasco Martinho<\/b><br \/>\nEscoteiro Subchefe da Alcateia<\/div>\n<\/td>\n<td><\/td>\n<\/tr>\n<\/tbody>\n<\/table>\n","protected":false},"excerpt":{"rendered":"<p>Morada Escoteiros de Portugal &#8211; Grupo 107 de Cascais Pra\u00e7a Capit\u00e3o Mouzinho de Albuquerque Jardim Ten. \u00c1lvaro de Melo Machado 2750-442 Cascais Telefone (+351) 214864967 (S\u00e1bados das 15h \u00e0s 19h) Email grupo107@escoteiros.pt Website www.escoteiroscascais.pt Hor\u00e1rio das Reuni\u00f5es Todos os s\u00e1bados das 15h00 \u00e0s 18h30. Ver mapa maior. Equipa de Chefia Patr\u00edcia Madeira Escoteiro Chefe de Grupo Escoteiro Subchefe de Grupo<\/p>\n","protected":false},"author":1,"featured_media":0,"parent":49,"menu_order":0,"comment_status":"closed","ping_status":"open","template":"template-fullwidth.php","meta":[],"_links":{"self":[{"href":"https:\/\/escoteiroscascais.pt\/index.php?rest_route=\/wp\/v2\/pages\/8"}],"collection":[{"href":"https:\/\/escoteiroscascais.pt\/index.php?rest_route=\/wp\/v2\/pages"}],"about":[{"href":"https:\/\/escoteiroscascais.pt\/index.php?rest_route=\/wp\/v2\/types\/page"}],"author":[{"embeddable":true,"href":"https:\/\/escoteiroscascais.pt\/index.php?rest_route=\/wp\/v2\/users\/1"}],"replies":[{"embeddable":true,"href":"https:\/\/escoteiroscascais.pt\/index.php?rest_route=%2Fwp%2Fv2%2Fcomments&post=8"}],"version-history":[{"count":105,"href":"https:\/\/escoteiroscascais.pt\/index.php?rest_route=\/wp\/v2\/pages\/8\/revisions"}],"predecessor-version":[{"id":2674,"href":"https:\/\/escoteiroscascais.pt\/index.php?rest_route=\/wp\/v2\/pages\/8\/revisions\/2674"}],"up":[{"embeddable":true,"href":"https:\/\/escoteiroscascais.pt\/index.php?rest_route=\/wp\/v2\/pages\/49"}],"wp:attachment":[{"href":"https:\/\/escoteiroscascais.pt\/index.php?rest_route=%2Fwp%2Fv2%2Fmedia&parent=8"}],"curies":[{"name":"wp","href":"https:\/\/api.w.org\/{rel}","templated":true}]}}